2*t = -4*w + 6. Suppose -5*h - 27 = w*x, -x - 2*x + 2*h = 26. What is the units digit of x/(-6) + 2/3?
2
Suppose p = 2*v - 72, 3*v = -v - 4*p + 168. What is the tens digit of v?
3
Let u = -35 - -84. What is the tens digit of u?
4
Let w be 1/3 - (-23)/3. What is the units digit of (0 - 8)*(-16)/w?
6
What is the units digit of ((-1)/2)/(7/(-434))?
1
Let u(d) = -14*d**3 + 2*d**2 - 1. Let p be u(-1). Let j be 10/p - 32/(-6). Suppose 4*g = -j + 18. What is the units digit of g?
3
Suppose -4*g - 204 - 124 = -3*h, h - g = 110. What is the tens digit of h?
1
Let p(g) = -12*g - 44. What is the tens digit of p(-16)?
4
Suppose -48 = g - b, -3*g + 2*g - 73 = 4*b. Let i = -22 - g. Suppose -5 + i = 2*w. What is the units digit of w?
3
Let g(c) = -c**3 + 7*c**2 - c + 3. What is the units digit of g(5)?
8
Suppose 3*i = -5*c + 540, -3*c = -6*i + 3*i - 300. Suppose -z = 3*s - 63, -z = -5*s - 0*z + c. What is the tens digit of s?
2
Suppose 5*i - 345 = -5*v, -1 = 2*v - v. What is the units digit of i?
0
Let c(y) = -y**2 - 35*y - 63. What is the tens digit of c(-30)?
8
Let d(l) = 0*l**2 - 4*l + 2*l**2 + 25 - 26. What is the units digit of d(4)?
5
Let t be (3/(-2))/((-1)/(-8)). What is the units digit of (18/(-4))/(t/32)?
2
Suppose 4*o = 4*l - 784, -3*l + 2*o + 582 = -3*o. What is the hundreds digit of l?
1
Let a(y) be the third derivative of y**5/60 - y**4/8 + y**3/2 - 6*y**2. What is the units digit of a(4)?
7
Let x = 632 - 323. What is the hundreds digit of x?
3
Suppose 13 + 15 = 4*d. Suppose -3*o - 2*a = -10, -8 = o - 3*a + d. What is the units digit of o/2 + -1 + 9?
8
Let u(p) = -p**2 - 13*p + 5. Let h be u(-11). Suppose -2*v - 3*c = -16 - 5, -h = -4*v - c. What is the units digit of v?
6
Suppose -g + 3*g = -4*j - 8, -2*j = -4*g + 14. Suppose 3*r - 5*s = -0*r + 39, 0 = 5*r - 4*s - 52. Let p = r - g. What is the units digit of p?
6
What is the units digit of (-2 - (-2)/3)/(1/(-3))?
4
Let b be 2/(-6) + (-23)/3. Let z = b + 21. What is the tens digit of z?
1
Let c be 12/30 + (-28)/(-5). Let w be (-2 - (-24)/9)*c. Suppose w*g - 7 - 17 = 0. What is the units digit of g?
6
Let b be (-2*3)/((-9)/6). Suppose -b*g = 3*c - 73, 4*g + c + 4*c = 79. What is the tens digit of g?
1
Suppose -10 - 5 = 5*v. Let f be 2/3*v - -11. Suppose -2*b = -p - 20, -b + 4*p = -f - 1. What is the units digit of b?
0
Let a be (-20)/(-12)*(2 - -1). Suppose a*q - 57 = 2*q. What is the units digit of q?
9
Let h = -36 - -63. What is the tens digit of h?
2
Suppose -2*t - 15 = 13. Let b = -2 - t. What is the tens digit of b?
1
Suppose 223 = 3*x - 2*x. Suppose u + 2*u + 2*z = 139, 5*u - x = z. What is the tens digit of u?
4
Suppose 2*f = -2*a + f + 82, -5*a + 216 = -3*f. Let q = a - 24. What is the units digit of q?
8
What is the tens digit of ((-203)/(-4))/((-2)/(-8))?
0
Suppose 0*u + 4*u - 124 = -2*h, 0 = h + 2. What is the units digit of u?
2
What is the units digit of ((-6)/3)/((-1)/8)?
6
Let w(c) = c**3 - 2*c**2 - 2*c - 7. Let g be w(5). Suppose 2 = 5*d - g. What is the units digit of d?
2
Let z be -9*1*1/1. Let w = -6 - z. Suppose -w - 5 = -n. What is the units digit of n?
8
Let r(a) = 11*a**2 + 2*a + 1. Let d be r(-2). Let n = 68 - d. What is the units digit of n?
7
Let g = -4 + -2. Let d(n) = n**3 + 6*n**2 - 2*n - 5. Let l be d(-6). Let s = l + g. What is the units digit of s?
1
What is the tens digit of (-2)/(3 + 61/(-20))?
4
Let n = 5 + -1. Suppose 0 = i + n*i. Suppose -3*q + 12 = i, -q + 34 = g + 4*g. What is the units digit of g?
6
Let b(l) = -2*l + 15. Let u be b(0). Let s(i) = -i**2 + 16*i + 15. What is the units digit of s(u)?
0
Let y(k) = -2*k**2 + 3*k - 1. Let g be y(2). Let i = g - -15. What is the units digit of i?
2
Let h be (-18)/((-12)/4) - 3. Suppose -h*x = -4*x + 28. What is the tens digit of x?
2
Let o = -13 + 21. Suppose -o*g = 65 - 441. What is the tens digit of g?
4
Suppose 9*j - 11*j = -276. What is the tens digit of j?
3
Let f = 30 + -26. Let x(d) = 2*d**3 - 5*d**2 - 2*d - 2. What is the tens digit of x(f)?
3
Let i(y) be the first derivative of 0 - 3*y - 1 + y**2 - 3*y**2. What is the units digit of i(-2)?
5
Let q(z) = -6*z - 1 - 3*z + 2 - 4. What is the units digit of q(-2)?
5
Let j = 76 + -45. What is the units digit of j?
1
Suppose 0 = 5*d - 1 - 4. Suppose -5*y + 6*y - d = 0. What is the units digit of y?
1
Let f be 33/18 + (-3)/(-18). Suppose -t = -f*t + 29. What is the tens digit of t?
2
Let h = 8 + -5. Suppose -3*d - 5*t + 84 = 0, -h + 69 = 3*d - t. What is the tens digit of d?
2
Let v = -16 - -22. Let w = v - -4. What is the units digit of w?
0
Let z = -6 - -8. Let a(p) = 8*p. What is the units digit of a(z)?
6
Let j be 1 + (-1)/(-1) - -1. Let w be (-15)/(-4 + (-21)/(-6)). Suppose -s - 4*b = -2*s + 20, 0 = j*s - 2*b - w. What is the units digit of s?
8
Suppose -2*h = 4*g - 66, 2*h - 4*g - 66 = -0*h. Suppose -172 = -5*j + h. What is the units digit of j?
1
Let z = 14 + -8. Let n = -2 - z. What is the units digit of (-1)/(-2) - 12/n?
2
Let p(h) = 6*h + 8. Let w(d) = 3*d + 4. Let k(c) = 3*p(c) - 5*w(c). What is the units digit of k(4)?
6
Let b(g) = -g**2 - 7*g - 3. Let n be b(-6). Suppose n*o = 4*o - 1. What is the units digit of o?
1
Let c(n) = n - 4. Let t(u) = -u + 1. Let x be t(-6). Let y be c(x). Suppose 2*l = y*i - 27, 24 + 6 = 3*i - l. What is the units digit of i?
1
Let m be (-3 + 2)/(1/4). Let d(j) = -j**2. Let t be d(m). What is the units digit of 4/18 - t/9?
2
Suppose -5*f - 15 = -4*r, -f + 0*f - 4*r = 3. What is the units digit of 9/f - (-16 + 2)?
1
Suppose -8*q + 3*q = -150. Let p be q + (0/3 - 1). Let s = p - 15. What is the tens digit of s?
1
Let w(p) = 2*p**2 - 11*p + 9. What is the tens digit of w(7)?
3
Let k be 10 - ((-3)/3 - 1). Let g = k - 20. Let o(m) = m**2 + 7*m - 6. What is the units digit of o(g)?
2
Let f(r) = -2 + 2*r - 2*r**3 - r**3 + 7*r**2 + 2*r**3. Suppose -4*w + 15 = -13. What is the units digit of f(w)?
2
Let o(r) = -9*r - 3. Let a be o(3). What is the tens digit of 4/3*a/(-4)?
1
Suppose 5*u = 5*v + 10, 9*v = u + 4*v + 10. Suppose -u*r + 22 = -3*r. What is the tens digit of r?
1
Suppose 71 = 4*w + f, 2*f + 2 + 0 = 0. What is the units digit of w?
8
Let s(k) = -k**2 + k + 1. Let v(b) = -5*b**2 + b + 12. Let d(m) = -6*s(m) + v(m). What is the units digit of d(5)?
6
What is the units digit of 2 + ((-8)/16)/((-1)/4)?
4
Let j = 5 + 59. What is the units digit of j?
4
Suppose -4*l - 5*i = -62, 3*l - 2*i = i + 33. What is the units digit of l?
3
Suppose u = -5*t + 59, -6*u - t + 175 = -u. What is the units digit of u?
4
Let z(l) = -2*l + 6. Let i be z(-17). What is the tens digit of ((-42)/35)/((-3)/i)?
1
Let v(l) = -4*l - 16. What is the units digit of v(-7)?
2
Let o = -6 + 9. What is the units digit of (3 - o) + -3 + 23?
0
Suppose 0 = -2*h + n + 4*n + 46, 92 = 4*h - 2*n. Let d = h + -12. What is the units digit of d?
1
Let k = -160 - -266. What is the tens digit of k?
0
Suppose 4*r + 18 = 5*b, 2 = -4*r - 0*r - 3*b. Let w(m) = m**3 + 2*m**2 + 2. Let p be w(r). Suppose 0 = -2*o + p. What is the units digit of o?
1
What is the units digit of 85 + 1 - ((-4 - -2) + 2)?
6
Let i(u) = -18*u + 49. What is the units digit of i(-9)?
1
Suppose 0*s - 2*s + i = -41, s + 3*i - 3 = 0. What is the units digit of s?
8
Let o(g) = 1 + 3*g**2 + 3*g**2 + 1 - 5*g**2. What is the tens digit of o(4)?
1
Let p = -7 + 15. Let b be 2/p - 33/(-12). Suppose 5*t = -2*m + 29, -b*t + 3 + 8 = -2*m. What is the units digit of m?
2
Suppose 5*d - 13 = -2*z, -7 - 1 = 2*z - 2*d. Let q(i) = -23*i. What is the tens digit of q(z)?
2
Let c(v) = -128*v + 6. What is the tens digit of c(-1)?
3
Let u = 3 + 0. Suppose -1 - u = -2*a. Suppose 0 = -a*n + 4. What is the units digit of n?
2
Let p = -9 - -16. Let r(o) = -o**2 + 6*o + 10. What is the units digit of r(p)?
3
Let j(v) = -v - 3. Let y(x) = 7*x + 10. Let a(u) = 8*u + 11. Let h(d) = 6*a(d) - 7*y(d). Let m(i) = -5*h(i) + 4*j(i). What is the tens digit of m(11)?
1
Let b(i) = -5*i + 2 - 4 + 1. Let u be b(-1). Suppose -4*o + u + 16 = 0. What is the units digit of o?
5
Suppose -5*k + 3 = 2*s + 13, -2*k = -2*s - 38. Let a = 3 + -11. Let w = a - s. What is the units digit of w?
7
Let l = 5 - 5. Suppose -r + 7 + 2 = 0. Suppose l*t + r = t. What is the units digit of t?
9
Let k(s) be the second derivative of -s**5/20 + s**4/6 - s**3/3 + 